
Let f(a) = -2*a**3 - 9*a**2 - a + 5. Let v(w) = 3*w**3 + 17*w**2 + w - 9. Let n be (-2)/(-6) - 42/(-9). Let l(j) = n*f(j) + 3*v(j). Is l(5) a composite number?
False
Let l(h) = 2*h**2 + 32*h + 129. Is l(-27) a composite number?
True
Let w = -1015 + 1550. Is w a composite number?
True
Let w be (-2)/11 + (-24)/(-11). Suppose w*f - 2 = -2*f + 5*j, 4*f + 16 = -4*j. Let a(o) = 37*o**2 + o + 3. Is a(f) a composite number?
False
Suppose 2*o = -5*o + 8183. Is o composite?
True
Let o = -94 - -77. Let a be 0 - -3 - 0/(-2). Is (a + -4)*-2 - o composite?
False
Is (57/38)/(9/20190) a prime number?
False
Let c(q) = 1609*q**2 - 37*q - 113. Is c(-5) a composite number?
True
Let y(l) = 8*l**2 - 5*l. Is y(29) a composite number?
True
Let k(r) = 128*r**2 + 18*r - 87. Is k(10) composite?
False
Let r = 93 - 20. Suppose -r = -z - 5*v, -v = -3 - 1. Is z a prime number?
True
Let z = 51 - 44. Suppose z*c - 2547 = 2962. Is c composite?
False
Is -4*33/88 + (-37034)/(-4) a composite number?
False
Suppose 5*f - 19 = -i, 0 = 2*i - 6*i - f. Let h be i/(-4) - (-30)/8. Is 343/h + (-21)/28 a prime number?
False
Is 6025 + ((-8)/7)/(56/(-196)) a prime number?
True
Let w(d) = -488*d - 1. Suppose -2 = 7*g + 5. Is w(g) a prime number?
True
Suppose 0 = 4*v - 25328 - 22452. Is v a composite number?
True
Let t be -1 + (2 - -1 - -1). Let z be 2/(1829/610 - 3). Is t - (-11)/((-22)/z) a composite number?
False
Let k = -1344 - -3607. Is k prime?
False
Suppose 9 + 19 = 2*x. Let s be 21/x + 1/(-2). Is (-32)/16 + s*1167 a composite number?
True
Let x(n) = 823*n - 29. Is x(6) a composite number?
False
Let o = 50 + -47. Suppose -o*l + 1325 = -5089. Is l composite?
True
Let f be (-2)/(-4)*-1*0. Suppose -4*z + 1461 = 237. Suppose -4*b - m + z = 0, -b + 3*m = -f*m - 83. Is b prime?
False
Let c(r) = -380*r**3 - 3*r**2 - 3*r - 1. Is c(-1) a composite number?
False
Let n(d) = d**3 - d**2 - 9*d + 8. Let k be (2 - 25/20)*8. Is n(k) prime?
False
Let h = -14586 - -21185. Is h prime?
True
Suppose 38412 = 4*p - 4*n + 6*n, 0 = n - 4. Is p a composite number?
False
Let a(w) = 704*w**2 + 8*w + 5. Is a(-6) prime?
True
Suppose -j + 1 - 5 = 0, 4*q - 28 = -2*j. Suppose n = q + 27. Suppose -3*t + n = -42. Is t a composite number?
True
Let j = 1206 + 2995. Is j a prime number?
True
Let t = 2105 + -781. Suppose -t = -n - 3*m, -5*n + 6620 = -3*m + 8*m. Suppose -4*b = -840 - n. Is b composite?
False
Let x(u) = -u**2 + 8*u - 11. Let t be x(7). Is t/(-10) - -28606*(-3)/(-30) prime?
True
Let f(c) = 20*c**3 - 29*c**2 - 10*c + 25. Is f(14) prime?
True
Let n = -27 + 30. Suppose d - h - h = 0, -5*d + 24 = 2*h. Suppose n*y - 5*f = 2*y + 546, -d*y + 4*f = -2104. Is y composite?
False
Is 211196/20 - (-2 + 56/20) a composite number?
False
Is 2/1*5*(-149043)/(-30) a prime number?
True
Let b = 9911 - -2315. Is b a composite number?
True
Is 39/(-6)*(-3246)/3 prime?
False
Let c(d) = -d + 6. Let i be c(9). Let r be 12/10*(-5)/i. Suppose -r*b + 2373 = b. Is b prime?
False
Let l = 919 - -982. Is l a prime number?
True
Suppose 20*p - 110 = -2*u + 18*p, 4*p + 122 = 2*u. Is u composite?
True
Let x = 187 + -109. Is -3 + x + 2 - 0 composite?
True
Let f = 19 - 10. Suppose -f*j - 20 = -4*j. Is j + 0 + 2 + 593 a composite number?
True
Suppose -g - 11 + 14 = 0. Let r(i) = -54*i - 7. Let f be r(g). Let c = f + 372. Is c a prime number?
False
Let k(o) = 13*o**2 - 7*o + 1. Suppose 4*r - 32 = 4. Let b = -14 + r. Is k(b) a composite number?
True
Let q = 5060 - -719. Is q composite?
False
Let s = 25581 - 17870. Is s a prime number?
False
Let w(j) = -65*j**3 + 7*j**2 - 8*j - 21. Is w(-3) a prime number?
False
Is 3/((36 - 39) + (-25260)/(-8419)) composite?
False
Let n(k) = 3*k**3 + 2*k**2 - 1. Let t be n(1). Let h = t + -8. Let x(r) = -73*r + 1. Is x(h) composite?
False
Suppose -2*v - 2 = -3*a, a - 2*a - 5*v + 29 = 0. Suppose 0*k + 4*k = -a*f + 772, -5*k = 4*f - 966. Is k composite?
True
Suppose 17*d - 14*d = -6, -4*h = -2*d - 156632. Is h a prime number?
True
Suppose -2*c - 8 = -3*b, 4*b = 2*c + 10 + 2. Is 1436/(-8)*(c + -4) a composite number?
False
Let v = -112 - -164. Let a be 2/(-8) + v/16. Suppose a*u = 4*o + 89, -52 = -2*u - 5*o + 15. Is u a prime number?
True
Suppose 0 = -5*w + p + 9, 2*w + 0*w = 5*p + 22. Suppose -2 - w = -l. Suppose 2*h = -4*m + 638, m + l*h - 4*h = 164. Is m prime?
False
Let x(c) = 11516*c + 591. Is x(11) composite?
True
Suppose -3*h - 2*h = 3*t - 12551, 4*t = -5*h + 16728. Is t a prime number?
True
Suppose 0 = q - 4 - 2. Suppose -q*b = -2*b - 1316. Is b prime?
False
Suppose 0 = v - 43524 - 7843. Is v a composite number?
True
Let x(s) = -406*s. Let f(l) = -271*l. Let v(p) = 7*f(p) - 5*x(p). Is v(1) prime?
False
Suppose -3*f + 120 = 7*f. Suppose 5112 = 4*r - m, -2*m + f = -5*m. Is r prime?
True
Let r be (24/(-18))/((-2)/57). Suppose b + r = 2*b. Suppose -3*a = -b - 25. Is a a composite number?
True
Let p = -309 - -189. Let z = 670 - 299. Let u = z + p. Is u a composite number?
False
Let r be 1109*-14 + (-2)/(-3)*6. Is r/(-18) + 8/12 composite?
False
Is (-7)/(-56) - ((-485116)/32 - 3) a composite number?
True
Let x be 45/4 + (-11)/44. Let p be x/22 + (-471)/(-2). Suppose 5*r = 3*f - 154, 7*f - 3*f + r - p = 0. Is f a composite number?
True
Suppose 0 = 10*f - 1543 - 3837. Is f a composite number?
True
Let q = 871 + -425. Is q a composite number?
True
Let o = 118 - 255. Let a = 276 - o. Is a prime?
False
Suppose c = 2*b - 2, -16 = 3*c - 0*c - b. Let i(d) = 138*d**2 + 13 + 3*d - 130*d**2 + 6*d. Is i(c) prime?
False
Let f(r) = r**3 - 14*r**2 - 12*r + 30. Let a be f(14). Is ((-13)/3)/(23/a) a composite number?
True
Let h(a) = -2*a + 4. Let g be ((-8)/6 - -1)*-6. Let j be h(g). Suppose j*x - 39 = -x. Is x a composite number?
True
Let z be 10/(-45) + ((-76)/(-18) - 1). Suppose 0 = -0*w - 4*w. Suppose -5*f + z*f + 762 = w. Is f composite?
True
Let h(o) = 4*o**3 + 4*o**2 - 3 - 8*o**2 + 4*o**2 - 7*o**2 - 3*o. Is h(3) a prime number?
False
Let n = 43238 + -9045. Is n a composite number?
True
Suppose 26 = 3*z - 5*u, -3*z + 6 = -2*z - u. Suppose 0 = -z*i + 66 - 0. Is i composite?
True
Is (8/(-14))/(8/(-121156)) composite?
True
Is 2/3 - (-309342)/198 prime?
False
Let i = 55890 - -103897. Is i composite?
False
Is (-8)/48*-10569*2 composite?
True
Suppose -12*c + 4828 = -4736. Is c composite?
False
Suppose -45345 = -3*w - 2*c, -9*c + 30240 = 2*w - 11*c. Is w a composite number?
True
Let h(d) = 2*d - 2. Let s be h(3). Suppose -s - 6 = -5*v. Is -1*(-37 + (v - 2)) prime?
True
Suppose -38*o + 12746 = -36*o. Is o a prime number?
True
Suppose -4*y + 5*q = -97968, -2*y + 2*q + 48986 = -q. Suppose 10*z + y - 71397 = 0. Is z prime?
True
Is (-6 - (-8 + -3))*(348 + -1) composite?
True
Is ((-4 - -3)/3)/(2/(-15186)) a composite number?
False
Let l be (-2 - (-27)/6)*2. Suppose 6*b = 2*b + 3*k + 17, 4*b = -4*k - 4. Suppose t - 659 = -z - z, -l*t - 653 = -b*z. Is z prime?
False
Let v = -15 + 35. Suppose -5*p = -v, 0 = -4*h + p - 0*p + 1176. Is h composite?
True
Suppose 14*g = -209 - 85. Let z(w) = -w**3 - 21*w**2 - 2*w - 33. Is z(g) a composite number?
True
Let z = 3 - 4. Let o be (0/z)/(7 + -9). Suppose o = -3*i - 2*i + 325. Is i a composite number?
True
Suppose 5*d - 94*t = -95*t + 25343, 20286 = 4*d - 5*t. Is d composite?
True
Let w be 9/(20/(-12) - -2). Let o be 1/(-4) - w/(-12). Suppose -o*d + 1055 = -d. Is d a composite number?
True
Let f be 3 - ((-18)/(-3) + -3). Let g(v) = -v**2 - v - 204. Let w be g(f). Let p = w - -287. Is p a prime number?
True
Let j = -21 + 31. Suppose -j*z + 4*z + 1410 = 0. Is z composite?
True
Let j be ((-11)/(-2))/((-6)/108). Let c be 7/(1 - (-47)/(-46)). Let h = j - c. Is h prime?
True
Suppose g + 5 = 10. Suppose 3*q + g*x - 5 = 32, -3*q + x = -61. Is q composite?
False
Suppose -3 = -6*k + 2*k + 3*r, 3*r + 21 = -2*k. Let a(z) = -z - 2. Let f be a(k). Let s(q) = 57*q**2 - 2*q. Is s(f) prime?
False
Let i = 3497 - 1318. Is i prime?
True
Suppose 4*y + 24416 = 4*n, -2*y + 347 = n - 5772. Is n a prime number?
False
Suppose 0 = 9*i - 7*i - 11088. Suppose -i = -5*v + 3181. Suppose 3*f - 2*c + c = v, 5*c - 1733 = -3*f. Is f a prime number?
False
Let l(d) = 23*d**2 + 33*d + 53. Let y(i) = 6*i**2 + 8*i + 13. Let a(f) = -2*l(f) + 9*y(f). Is a(-6) composite?
False
Suppose 4*d = 5*a + 58, -d - 4*d + 58 = a. Let i = -7 + d. Suppose -i